i + i, 134 = -j + 4*i. Let l = -38 - j. What is the highest common factor of 13 and l?
13
Let y(h) = -h - 5. Let v be y(-8). Let d(i) = -i**3 - 9*i**2 + 11*i + 15. Let t be d(-10). Let o = t + -2. What is the highest common divisor of o and v?
3
Let u be (6/4)/((-2)/(-4)). Let m = 5 - u. Let r = 4 + -2. Calculate the highest common factor of r and m.
2
Let m(d) = 2*d**2 + d - 1. Let c be m(1). Suppose -c*r + 3*r + 58 = 0. Let j = 228 + r. What is the highest common divisor of j and 17?
17
Let u(n) = -5*n**3 - 2*n - 1. Let o be u(-1). Suppose 8 = 2*d + o. Calculate the highest common factor of d and 4.
1
Let c be (2/4)/(1/444). Let i = c - 117. Suppose 4*l - 161 - 7 = 0. What is the highest common divisor of i and l?
21
Let h(f) = 2*f - 4. Let a be h(4). What is the greatest common factor of a and 16?
4
Suppose -u - 3*u + 8 = 0. Let z(a) = -a**2 - 7*a + 5. Let b be z(-6). Suppose y = u*y - b. Calculate the greatest common factor of 121 and y.
11
Let t be (12/(-10))/((-6)/1000). Let x be (2/4)/(2/t). Calculate the greatest common divisor of 10 and x.
10
Let v = -4 + 5. Suppose v = 3*x - 5. Suppose 0 = 2*d - 2*t - 212, x*t - 48 = -5*d + 475. Calculate the greatest common divisor of 42 and d.
21
Suppose -5*g + 18 = -52. Calculate the highest common factor of g and 7.
7
Let q(h) = -h**3 + 11*h**2 - 4*h. Let i(l) = -l + 18. Let d be i(10). Let w be q(d). What is the highest common factor of 32 and w?
32
Let o(c) = -c + 9. Let d be o(6). Suppose -2*z + z + 33 = d*j, 3*z - 2*j = 55. Calculate the greatest common divisor of 21 and z.
21
Let p = 1 - -42. Suppose -5*c - d = -p, -2 = -d + 1. Calculate the greatest common divisor of 20 and c.
4
Let g be (220/(-25))/((-2)/25). What is the highest common divisor of 20 and g?
10
Let q be (0 - 1)/((-3)/6). Let a be 452/5 + 12/(-30). Suppose 0 = -2*o - 5*b + 1, q*o + a = 7*o - 5*b. Calculate the greatest common factor of o and 52.
13
Let j = 5 - 1. Let i be 0*1*(-2)/j. Suppose 0*x + x - 12 = i. Calculate the highest common factor of 48 and x.
12
Let r(v) = -v**3 + 2*v**2 + 3*v + 2. Let i be r(3). Let a(p) = 6*p**3 - 3*p**2 + p - 2. Let g be a(i). What is the highest common divisor of 54 and g?
18
Let y(f) = -495*f**3 - 2*f - 1. Let q be y(-1). Let s be 2/9 - q/(-36). What is the highest common factor of s and 56?
14
Let r(k) = k**2 - 24. Let t be r(-5). What is the highest common factor of t and 2?
1
Let w be 14/3 - (-6)/(-9). Suppose w*s - 2*s - 12 = 0. Let u(a) = -9*a + 3. Let h be u(-5). What is the highest common divisor of s and h?
6
Suppose -3*n - u - 8 = -2*u, 5*n + 15 = 2*u. Let w = 55 - n. Calculate the greatest common factor of 7 and w.
7
Let l(x) = -x. Let m be l(1). Let z(y) = -25*y. Let n be z(m). What is the highest common factor of n and 175?
25
Suppose -x - 1 = -5. Let v(d) = -2*d**2 - 10*d - 7. Let s be v(-4). Calculate the greatest common divisor of s and x.
1
Suppose -3*q + 6*q = 21. Let v(y) = -3*y + 5. Let d be v(-4). Let p = d - q. What is the greatest common divisor of p and 40?
10
Suppose 5*h = -3*g - 13, -2*g = -4*h + 3*h - 13. Suppose 2*k + 2 - g = 0. Calculate the highest common factor of 10 and k.
1
Suppose 2*h = -2*h. Suppose u - 19 + h = 0. Suppose -12*q + 38 = -11*q. Calculate the greatest common factor of u and q.
19
Suppose -2*w = -4*k - 46, 2*w = -4*k + 3*k + 41. What is the greatest common factor of 14 and w?
7
Let p(z) = 2*z**2 + 2*z + 1. Let r be p(-1). Let x(y) = y. Let t be x(-3). Let f be r*(15 + (t - -2)). What is the highest common divisor of f and 56?
14
Let i = 188 - 116. Calculate the greatest common factor of 8 and i.
8
Let o be (-1)/6 - (-1110)/(-36). Let b = -1 - o. What is the greatest common factor of 5 and b?
5
Suppose 120 = -5*y + 9*y. Suppose -g + y = g. What is the highest common factor of 165 and g?
15
Let j = 56 - 2. What is the greatest common factor of j and 81?
27
Let b = 19 + -18. Let n be b*(15 - (3 + -5)). Calculate the greatest common divisor of n and 136.
17
Let j be (-3 - -2) + 0 - -4. Calculate the highest common divisor of 3 and j.
3
Suppose 1 = j - 4. Suppose -9 = z - x, j*z + 2*x + 45 = -2*x. Let v(y) = -9*y - 1. Let g be v(z). What is the highest common divisor of g and 32?
16
Let s be 2*(-9)/6 - -3. Suppose 0*h - h + 18 = s. Calculate the highest common factor of 12 and h.
6
Let m = 30 + -27. Let g(u) = 2*u**2 + u + 1. Let z be g(-1). Calculate the highest common factor of z and m.
1
Let c(z) = z - 2*z - 2 - 2*z**2 + 14*z**2. Let t be c(3). Let d = t - 73. Calculate the highest common divisor of d and 10.
10
Suppose 0*r + 630 = 5*r. Suppose 2*f - 40 = -4*p, 5*f + p + p = 76. What is the greatest common divisor of r and f?
14
Suppose 0 = 2*s - 0*s - 214. Suppose -s - 25 = -4*v. What is the greatest common divisor of 11 and v?
11
Suppose -3*m - 2 = -8. Let l be 43*(-5)/((-15)/24). Let y be l/10 + m/(-5). What is the greatest common factor of 51 and y?
17
Suppose 1 = 2*y - 1. Calculate the highest common divisor of 2 and y.
1
Let s(a) = a + 13. Let x be s(10). What is the highest common factor of x and 23?
23
Let g(n) = -n**3 + 3*n**2 - n - 1. Let w be g(2). Let x = 0 + w. Let p be 153 + 0 + -2 + x. Calculate the greatest common factor of p and 19.
19
Let x be -4*(-2)/16 + 62/4. Calculate the highest common divisor of x and 32.
16
Suppose -2*b - 2 = -5*t, -b - 3*t = -2*b - 2. Let y be (0 - -67) + (-1)/1. Suppose -b*a + y = -6. Calculate the greatest common factor of 2 and a.
2
Let v(d) = -d**2 + 4*d - 3. Let i be ((-3)/6)/(1/(-12)). Let q be v(i). Let z = q - -30. What is the greatest common factor of z and 15?
15
Suppose 0 = -5*f - 4*h + 24, 4*f + 2*h - 5*h = 13. Let a(d) = d**3 - 3*d**2 - 2*d - 5. Let o be a(f). Calculate the highest common factor of o and 1.
1
Suppose -u - 36 + 2 = -3*p, 4*p - 44 = 2*u. What is the greatest common divisor of p and 8?
4
Suppose 0 = 4*w - 0*w - 576. Suppose -2*k + k = -16. Calculate the greatest common divisor of w and k.
16
Let x(c) = -c + 2. Let d be x(7). Let j be (1*-2)/(d/10). Let i be 1/j - 162/(-24). What is the highest common factor of i and 35?
7
Let q(o) = 3*o**2 + 3*o + 4. Let h be q(3). Suppose -132 = -5*v + v. Let s = -17 + v. Calculate the highest common divisor of s and h.
8
Let v be 2/(-6)*18/(-3). Let u be 1924/16 + v/(-8). Suppose -4*t = -t - u. What is the highest common factor of 10 and t?
10
Let l be -3 + 3*(-33)/(-9). Calculate the greatest common factor of l and 12.
4
Let u = -29 - -51. What is the greatest common factor of 2 and u?
2
Let x be (-17)/(-3) + (-36)/(-27). Suppose -n - 1 = -x. Calculate the greatest common divisor of 54 and n.
6
Let q = -163 - -168. Calculate the greatest common divisor of q and 80.
5
Let b = 131 - -364. Suppose -d + 6*d - b = 0. What is the greatest common factor of d and 9?
9
Let n be (2/(1/(-1)))/2. Let i(o) = -2*o. Let q(f) = -f**2 - 1. Let u(h) = n*i(h) - q(h). Let w be u(-4). What is the highest common factor of w and 36?
9
Suppose 114 = 5*m + 14. Suppose 6*r = 2*r - 2*u + 40, 0 = -4*u - 16. Let y = m - r. What is the highest common factor of y and 8?
8
Suppose 4*b = 5*i - 821, -4*i - 5*b = 145 - 769. What is the greatest common divisor of i and 23?
23
Let i(l) = -l**3 - 5*l**2 + 9*l - 9. Let q be i(-7). What is the greatest common factor of q and 117?
13
Suppose -3*a + 57 - 12 = 3*w, 3*a - 42 = -2*w. Calculate the greatest common factor of 4 and a.
4
Suppose 3*w + 15 = 0, 37 = -3*m + 7*m - w. Suppose 2*c = 5*c + 123. Let j = 57 + c. Calculate the greatest common factor of j and m.
8
Let f = 33 - -30. Suppose -5*p + 27 = -8. Calculate the highest common factor of f and p.
7
Let s(v) = v**3 - v**2 - v - 2. Suppose 24 = m + 5*m. Let l be s(m). Suppose 0 = -0*c - 5*c + 140. What is the highest common divisor of l and c?
14
Let b be 3*(-2)/(-3) + 1. Let f be (81/2)/b*2. Let g = f - 18. Calculate the highest common factor of 99 and g.
9
Let w be (-5)/15*-15 + 2. Calculate the greatest common factor of 21 and w.
7
Let v = 30 - 20. Suppose 2*k = -2*z, -3*k + v = -z - 6. Suppose -k*d + 41 + 39 = 0. Calculate the highest common factor of 8 and d.
4
Let w(i) = 8*i - 53. Let k be w(10). What is the greatest common factor of 243 and k?
27
Suppose 139 = 4*f - 29. What is the highest common divisor of f and 21?
21
Let s be (-332)/(-6) - (-5)/(-15). Calculate th